te number?
True
Suppose u = 5*h - 73, -3*u - h - 1 = 266. Let y(d) = -3*d**2 + 8*d + 3. Let n be y(6). Let k = n - u. Is k a composite number?
False
Suppose -l - 2*l - 5*j = -146, -l + 58 = -3*j. Suppose 4*s - l = 40. Is s a composite number?
False
Suppose 3*j - 8 = -a, -6 = -5*j + 14. Let m = 8 + a. Suppose -m*b + 57 = -b. Is b composite?
False
Let s(m) = m**3 - 8*m**2 + m - 3. Let d be s(8). Suppose 0 = -0*u - d*u - 120. Let n = 113 + u. Is n composite?
False
Suppose 1 = -k + 2. Let v be (4/2 - k) + -39. Let r = v - -59. Is r prime?
False
Suppose 0 = -3*w + 5*q, 3*w + 2*q = -w - 26. Let f(i) = i**2 + 7*i + 6. Let r be f(w). Is 0 + -1 + (-144)/r a composite number?
True
Suppose -2*c + 0*c = -2*w + 540, -4*c - 285 = -w. Is w prime?
False
Suppose -v - 4*n + 469 = 0, 2*v - 2*n = -2*v + 1786. Is v prime?
True
Let s(o) = -o**2 + 4*o - 3. Let b(k) = -2*k**2 + 4*k - 4. Let g(r) = -2*b(r) + 3*s(r). Is g(6) prime?
True
Let b(h) = -h**3 - 6*h**2 - 6*h - 3. Let t be b(-5). Let w(z) = -3 - z**2 - 4*z + 3*z**3 - t - 1 + 5. Is w(3) prime?
True
Let r = 204 - 98. Suppose r = 4*o - 2*o. Is o composite?
False
Let j(w) = 58*w - 9. Is j(4) composite?
False
Suppose 1268 = -2*s + 6*s + 5*r, 0 = s - 5*r - 317. Is s composite?
False
Suppose 4*t + 23 = -13. Is (-6)/t - 618/(-18) prime?
False
Let o(p) be the first derivative of -p**3/3 - 13*p**2/2 + p + 3. Is o(-9) prime?
True
Let q = 16 + -11. Suppose q*g - 50 = -5*v, 3*g - 2 = 4*g + 5*v. Is g composite?
False
Let a(s) = s - 2. Let x be a(5). Suppose 112 = 2*c + 3*k, x*c - 58 - 113 = -3*k. Is c a prime number?
True
Let k be (7/2)/((-3)/(-90)). Suppose -2*w - w = -k. Is w prime?
False
Let a be 140 + 0 + (4 - 6). Let b(k) = k**3 - 5*k**2 - 5*k + 4. Let p be b(7). Let z = a + p. Is z composite?
True
Suppose -5*d + 2*v + 22 = 0, d = -v + 1 + 2. Suppose d*g - 1988 = 2*z, g - 3*z = 3*g - 994. Is g prime?
False
Suppose -3*r - 4*s = -0*r - 6, 18 = -3*r + 4*s. Is (r - -25 - 1) + 1 a prime number?
True
Suppose 0 = s - 11 + 4. Suppose -s = r + 3. Is (r/(-8))/(5/40) a composite number?
True
Let j be ((-174)/4)/(6/(-32)). Let y = j - 158. Is y composite?
True
Let p = 176 - 91. Is p composite?
True
Let i(o) = -3*o**2 - 11*o + 11. Let y(v) = -v + 1. Let a(z) = -2*i(z) + 18*y(z). Is a(3) a prime number?
False
Let g(u) be the first derivative of -u**2/2 + 85*u + 1. Is g(0) a composite number?
True
Let o(b) = 11*b**2 - 1. Suppose 0 = 3*r + c - 7, -9 = -r - 0*c - 2*c. Is o(r) a prime number?
False
Let p = -4075 - -6024. Is p a composite number?
False
Suppose -4*c + 2*c - f + 188 = 0, -470 = -5*c - f. Is c composite?
True
Suppose 2*r - 54 - 36 = 0. Suppose -4*c = c - r. Is c prime?
False
Let f = -2236 + 4139. Is f composite?
True
Suppose 31 = 4*v - z - 2*z, -2*z = -5*v + 37. Suppose 5*a - v*a = -22. Is (2 + 1)*a/3 composite?
False
Let n(o) = 345*o + 1. Let h be n(1). Let z = -168 + h. Is z a prime number?
False
Let m(q) = 3*q**3 + q**2 - 7*q - 7. Is m(6) a composite number?
True
Let w(h) = h**3. Let r(a) = 4*a**3 + 5*a**2 + 8*a + 3. Let o(q) = r(q) - 5*w(q). Is o(6) composite?
True
Let l(h) be the third derivative of 3*h**4/4 + h**3/6 + 5*h**2. Is l(1) prime?
True
Is -8*1959/(-6) + -2 + -1 composite?
False
Let x(b) = -3 + 0*b**2 + b**2 - 3*b - 4. Is x(-5) a composite number?
True
Let o(z) = -z - 5. Let s be o(-7). Suppose -120 = -s*p - 3*p. Is (-651)/(-4) + 6/p a composite number?
False
Let b(w) = 11*w**2 - 16*w - 19. Is b(-16) prime?
False
Let b(m) = m + 2 - 3*m - 2 + 1. Is b(-10) prime?
False
Let q = 2297 - 789. Suppose -5*i = -i - q. Is i a prime number?
False
Suppose -2*x = 6*n - 2*n - 12, 3*n + 5*x = 23. Let m = n + -1. Suppose -3*i + 23 + 88 = m. Is i composite?
False
Suppose 2*t + 1 = 3*f, -10 - 2 = -t - f. Let m(l) = 9*l + 8*l + 7 - l**2 - 8*l. Is m(t) a composite number?
True
Let k(n) = 47*n**3 - 4*n**2 + 2*n. Let i be k(2). Let w = -201 + i. Is w a composite number?
False
Suppose -4*p + 5*w + 31 = 0, p - 3*w - 2*w + 11 = 0. Is p composite?
True
Let t = 3388 + -2027. Is t prime?
True
Let z = -247 - -618. Is z a prime number?
False
Suppose -4*p + 13 = 1. Suppose 5*u + p*r = -0*r + 229, 5*u + 4*r = 227. Is u prime?
True
Suppose 435 = -5*i + 170. Let o be 3/2 + 357/2. Let q = o + i. Is q a prime number?
True
Is (-7623)/(-33) - 2*(-1)/1 a composite number?
False
Let w(r) be the first derivative of r**4/4 + 2*r**3 + r**2 - r - 3. Is w(-4) prime?
True
Suppose 8*r - 1712 - 2400 = 0. Is r a prime number?
False
Is (-13844)/(-16) + (-6)/24 composite?
True
Let y be ((-5)/(-3))/((-5)/(-18)). Let j(f) = f**2 + 7*f + 5. Is j(y) composite?
False
Suppose 30 + 240 = 2*w. Suppose -2*d - 5*q = 2*d - w, 0 = -4*d - 2*q + 138. Is d prime?
False
Let f = 6570 + -3763. Is f a prime number?
False
Let h be ((-9)/(-5))/((-6)/(-20)). Let a(q) = -q**3 + 10*q**2 - 9*q + 1. Is a(h) a prime number?
False
Suppose 3*d = -2 - 4. Is (20 + 2)*(-1)/d composite?
False
Let p = -341 + -117. Let m = -139 - p. Is m composite?
True
Suppose 5*b + 7768 = 13*b. Is b prime?
True
Suppose 0*q - 620 = -4*q. Suppose 4*j + q = -9. Let p = j + 60. Is p prime?
True
Let b = -86 + 123. Is b prime?
True
Is 67/(-2)*(5 - 7) a composite number?
False
Let k be (-7)/(-1) + 2/(-2). Let m = 7 + 1. Suppose -k*b - m = -q - b, 4*q - b = 51. Is q prime?
True
Let t(y) = y + 5. Let f(l) = 2*l + 5. Let n(x) = -3*f(x) + 4*t(x). Let u be n(-5). Let r = u + 52. Is r a prime number?
True
Suppose -3 = -i, -3*f + 2*i + 886 = f. Is f a prime number?
True
Let b(v) = -v**2 + 10*v + 5. Let l be b(11). Let m be 11/3 + 4/l. Suppose 3*p - p - 133 = 3*u, 2*u - 193 = -m*p. Is p composite?
True
Suppose 4*x = 2398 + 3174. Is x a composite number?
True
Suppose 3*z = -v + 956, -4*v - 3*z = -5778 + 1963. Is v prime?
True
Let q = 6 + -1. Let h(j) = 26*j - 3. Is h(q) a composite number?
False
Let n = -92 + 301. Is n composite?
True
Let d = -15 + 26. Is d prime?
True
Let f(t) = -17*t + 4. Is f(-5) composite?
False
Let l = 6 + -5. Suppose l + 1 = -2*s. Is -2 - ((s - 1) + -143) prime?
False
Let m(v) be the third derivative of -v**6/60 - v**5/60 + 7*v**4/24 + v**3/2 - v**2. Let i be m(-7). Suppose -29 = -4*s + i. Is s composite?
True
Is 21 + 168 - 2/1 a composite number?
True
Suppose -4 = -0*c - 2*c. Suppose 0 = -3*j + c*f - 275, -4*j = 2*f - 160 + 550. Let w = j + 306. Is w a composite number?
False
Suppose 0*d + 3*h - 705 = -3*d, 4*d - 2*h - 928 = 0. Is d a prime number?
True
Suppose 0 = -2*g - 3*g + i + 45, -5*g = -5*i - 25. Suppose 8*u + g = 5*t + 4*u, 2*t - 4 = 2*u. Suppose -3*h = -5*z - 4, 5*h - 2*h + t*z = 11. Is h prime?
True
Suppose 5*k + 475 = 3*v, v + 2*k - 306 = -v. Is v composite?
True
Let x(j) = j**2 + 2 + 1 + j + 6*j. Suppose 0 = -2*m + 4*r - 10, -21 = 3*m - r - 1. Is x(m) a prime number?
True
Suppose 0 = 2*n - 5*n. Suppose n = 3*t + 3*r + r - 158, 2*r = -2*t + 102. Is t composite?
True
Let p(a) = a**3 + 5*a**2 + 6. Is p(-4) a composite number?
True
Let r(m) = -m - 6. Let d be r(-6). Let h = 7 + d. Is h prime?
True
Let q(k) = -k**3 + 3*k**2 + 8*k - 15. Is q(-7) a composite number?
False
Suppose -10 + 22 = 3*i. Is i/6 - 758/(-6) prime?
True
Suppose 2*h - 845 = -3*h. Is h prime?
False
Let h(o) = 10*o**3 + 3*o**2 - 3*o + 3. Let f be h(-3). Let j = 488 + f. Suppose 2*p = p + j. Is p composite?
False
Is 9/3 - (-1 + -187) composite?
False
Let t = 2302 - 1617. Is t prime?
False
Let m = 5 - -1. Let f(w) = -w**3 + 6*w**2 + 3*w - 8. Is f(m) composite?
True
Suppose -5*s + 1757 + 4488 = 0. Is s composite?
False
Let a(q) = -q**3 - 3*q**2 + 5*q - 2. Suppose 5*h = -2*o - 15, 3*o = 2*h + 2*o + 15. Is a(h) a composite number?
False
Let k = 2004 + -1117. Is k composite?
False
Let o be 58/(-5) - 3/(-5). Let u = 130 + o. Is u a prime number?
False
Suppose 2*k - 99 = 35. Is k composite?
False
Let z be (12/8)/((-6)/(-64)). Suppose 5*l - l + z = 0, -12 = -4*h - 5*l. Let k = 27 - h. Is k a prime number?
True
Let r = 1071 - 100. Is r composite?
False
Let a(l) = -78*l - 15. Is a(-12) prime?
False
Let k(w) = -w**3 - w**2 + w + 55. Let a(l) = l**2 + 5*l. Let j be a(-5). Is k(j) composite?
True
Let f = -50 - -84. Suppose f + 19 = n. Is n a composite number?
False
Suppose -397 - 281 = -2*o. Is o a composite number?
True
Let k = -92 + -145. Is k/(-3)*(0 - -1) a composite number?
False
Let w = 4 - -3. Let a = w + 82. Is a a prime number